{"id":11,"date":"2025-01-09T13:56:19","date_gmt":"2025-01-09T12:56:19","guid":{"rendered":"https:\/\/andreaskyriakou.com\/?page_id=11"},"modified":"2025-01-13T15:46:37","modified_gmt":"2025-01-13T14:46:37","slug":"whos-that-guy","status":"publish","type":"page","link":"https:\/\/andreaskyriakou.com\/","title":{"rendered":"WHO&#8217;S THAT GUY ?"},"content":{"rendered":"<div class=\"wp-block-image\">\n<figure class=\"aligncenter size-large is-resized\"><img loading=\"lazy\" decoding=\"async\" width=\"755\" height=\"1024\" src=\"https:\/\/andreaskyriakou.com\/wp-content\/uploads\/2025\/01\/PXL_20250103_121734050.PORTRAIT-Modifie-755x1024.jpg\" alt=\"\" class=\"wp-image-37\" style=\"width:421px;height:auto\" srcset=\"https:\/\/andreaskyriakou.com\/wp-content\/uploads\/2025\/01\/PXL_20250103_121734050.PORTRAIT-Modifie-755x1024.jpg 755w, https:\/\/andreaskyriakou.com\/wp-content\/uploads\/2025\/01\/PXL_20250103_121734050.PORTRAIT-Modifie-221x300.jpg 221w, https:\/\/andreaskyriakou.com\/wp-content\/uploads\/2025\/01\/PXL_20250103_121734050.PORTRAIT-Modifie-768x1042.jpg 768w, https:\/\/andreaskyriakou.com\/wp-content\/uploads\/2025\/01\/PXL_20250103_121734050.PORTRAIT-Modifie-1133x1536.jpg 1133w, https:\/\/andreaskyriakou.com\/wp-content\/uploads\/2025\/01\/PXL_20250103_121734050.PORTRAIT-Modifie-1510x2048.jpg 1510w, https:\/\/andreaskyriakou.com\/wp-content\/uploads\/2025\/01\/PXL_20250103_121734050.PORTRAIT-Modifie-scaled.jpg 1888w\" sizes=\"auto, (max-width: 755px) 100vw, 755px\" \/><\/figure>\n<\/div>\n\n\n<p class=\"has-text-align-center has-normal-font-size\" style=\"font-style:normal;font-weight:600\">S\u2019accompagnant du <strong>chant<\/strong>, de la guitare \u00e9lectrique, de la guitare acoustique et m\u00eame du banjo, Andreas Kyriakou vous emm\u00e8ne chez lui, dans le Sud profond des \u00c9tats-Unis.<\/p>\n\n\n\n<p class=\"has-text-align-center has-normal-font-size\" style=\"font-style:normal;font-weight:600\"> La Folk, le Blues, le Bluegrass, et l\u2019Old Time se retrouvent pour retracer des histoires de la terre. Traversant les champs de coton br\u00fblants et le Bayou imp\u00e9n\u00e9trable, en passant par le carrefour culturel d\u2019Atlanta, sans oublier les Appalaches majestueuses o\u00f9 r\u00e9sonnent encore les marteaux des fant\u00f4mes de mineurs de charbon. Andreas raconte une autre Am\u00e9rique, celle de la rencontre inopin\u00e9e entre les peuples. Le rythme et l\u2019incarnation des histoires racont\u00e9es font de ce spectacle une aventure unique pour tous les amateurs d\u2019authenticit\u00e9.<\/p>\n\n\n<!--presto-player:video_id=1--><figure class=\"wp-block-video presto-block-video aligncenter presto-provider-youtube\" style=\"--plyr-color-main: var(--presto-player-highlight-color, #00b3ff); --presto-player-logo-width: 150px; \">\n\t<presto-player \n\t\tpreset='{&quot;id&quot;:1,&quot;name&quot;:&quot;Default&quot;,&quot;slug&quot;:&quot;default&quot;,&quot;icon&quot;:&quot;format-video&quot;,&quot;skin&quot;:&quot;modern&quot;,&quot;play-large&quot;:true,&quot;rewind&quot;:true,&quot;play&quot;:true,&quot;fast-forward&quot;:true,&quot;progress&quot;:true,&quot;current-time&quot;:true,&quot;mute&quot;:true,&quot;volume&quot;:true,&quot;speed&quot;:false,&quot;pip&quot;:false,&quot;fullscreen&quot;:true,&quot;captions&quot;:false,&quot;reset_on_end&quot;:true,&quot;auto_hide&quot;:true,&quot;show_time_elapsed&quot;:false,&quot;captions_enabled&quot;:false,&quot;save_player_position&quot;:true,&quot;sticky_scroll&quot;:false,&quot;sticky_scroll_position&quot;:&quot;bottom right&quot;,&quot;on_video_end&quot;:&quot;select&quot;,&quot;play_video_viewport&quot;:false,&quot;hide_youtube&quot;:false,&quot;lazy_load_youtube&quot;:false,&quot;hide_logo&quot;:false,&quot;border_radius&quot;:0,&quot;caption_style&quot;:&quot;&quot;,&quot;caption_background&quot;:&quot;&quot;,&quot;is_locked&quot;:true,&quot;cta&quot;:[&quot;&quot;],&quot;watermark&quot;:[&quot;&quot;],&quot;search&quot;:[&quot;&quot;],&quot;email_collection&quot;:[&quot;&quot;],&quot;action_bar&quot;:[&quot;&quot;],&quot;created_by&quot;:1,&quot;created_at&quot;:&quot;2025-01-09 16:02:38&quot;,&quot;updated_at&quot;:&quot;2025-01-09 16:02:38&quot;,&quot;deleted_at&quot;:&quot;&quot;}'\n\t\tbranding='{&quot;logo&quot;:&quot;&quot;,&quot;color&quot;:&quot;#00b3ff&quot;,&quot;logo_width&quot;:150,&quot;player_css&quot;:&quot;&quot;}'\n\t\tchapters='[]'\n\t\toverlays='[]'\n\t\ttracks='[]'\n\t\tblock-attributes='{&quot;playsInline&quot;:true,&quot;id&quot;:1,&quot;src&quot;:&quot;https:\\\/\\\/youtu.be\\\/sPxX-mrgpXc?si=lnBqYPy_3skX4By1&quot;,&quot;preset&quot;:1,&quot;video_id&quot;:&quot;sPxX-mrgpXc&quot;,&quot;align&quot;:&quot;center&quot;,&quot;title&quot;:&quot;Andreas Kyriakou - Teaser #2021&quot;}'\n\t\tanalytics=''\n\t\tautomations\t\tprovider='youtube'\n\t\t\t\tid=\"presto-player-1\"\n\t\tsrc=\"\/\/www.youtube.com\/embed\/sPxX-mrgpXc?iv_load_policy=3&amp;modestbranding=1&amp;playinline=1&amp;showinfo=0&amp;rel=0&amp;enablejsapi=1\"\n\t\tmedia-title=\"Andreas Kyriakou - Teaser #2021\"\n\t\tcss=\"\"\n\t\tclass=\"presto-video-id-1 presto-preset-id-1 skin-modern\"\n\t\tskin=\"modern\" \n\t\ticon-url=\"https:\/\/andreaskyriakou.com\/wp-content\/plugins\/presto-player\/img\/sprite.svg\" \n\t\tpreload=\"\" \n\t\tposter=\"\"\n\t\tyoutube=\"{&quot;noCookie&quot;:false,&quot;channelId&quot;:&quot;&quot;,&quot;show_count&quot;:false}\"\n\t\tprovider-video-id=\"sPxX-mrgpXc\"\n\t\tvideo-id=\"1\"\n\t\t\t\tvideo-attributes='{}'\n\t\tplaysinline\t\t\t\t>\n\t\t\n    <div class=\"presto-iframe-fallback-container\">\n        <iframe style=\"width: 100%\" title=\"Youtube Video\" class=\"presto-fallback-iframe\" id=\"presto-iframe-fallback-1\" data-src=\"https:\/\/www.youtube.com\/embed\/sPxX-mrgpXc?iv_load_policy=3&amp;modestbranding=1&amp;playsinline=1&amp;showinfo=0&amp;rel=0&amp;enablejsapi=1\" allowfullscreen allowtransparency allow=\"autoplay\"><\/iframe>\n    <\/div>\n\n\t<\/presto-player>\n<\/figure>","protected":false},"excerpt":{"rendered":"<p>S\u2019accompagnant du chant, de la guitare \u00e9lectrique, de la guitare acoustique et m\u00eame du banjo, Andreas Kyriakou vous emm\u00e8ne chez lui, dans le Sud profond des \u00c9tats-Unis. La Folk, le<a href=\"https:\/\/andreaskyriakou.com\/\" class=\"more-link\"><span class=\"readmore\">Continue reading<span class=\"screen-reader-text\">WHO&#8217;S THAT GUY ?<\/span><\/span><\/a><\/p>\n","protected":false},"author":1,"featured_media":0,"parent":0,"menu_order":0,"comment_status":"closed","ping_status":"closed","template":"","meta":{"footnotes":""},"class_list":["post-11","page","type-page","status-publish","hentry"],"_links":{"self":[{"href":"https:\/\/andreaskyriakou.com\/index.php\/wp-json\/wp\/v2\/pages\/11","targetHints":{"allow":["GET"]}}],"collection":[{"href":"https:\/\/andreaskyriakou.com\/index.php\/wp-json\/wp\/v2\/pages"}],"about":[{"href":"https:\/\/andreaskyriakou.com\/index.php\/wp-json\/wp\/v2\/types\/page"}],"author":[{"embeddable":true,"href":"https:\/\/andreaskyriakou.com\/index.php\/wp-json\/wp\/v2\/users\/1"}],"replies":[{"embeddable":true,"href":"https:\/\/andreaskyriakou.com\/index.php\/wp-json\/wp\/v2\/comments?post=11"}],"version-history":[{"count":12,"href":"https:\/\/andreaskyriakou.com\/index.php\/wp-json\/wp\/v2\/pages\/11\/revisions"}],"predecessor-version":[{"id":88,"href":"https:\/\/andreaskyriakou.com\/index.php\/wp-json\/wp\/v2\/pages\/11\/revisions\/88"}],"wp:attachment":[{"href":"https:\/\/andreaskyriakou.com\/index.php\/wp-json\/wp\/v2\/media?parent=11"}],"curies":[{"name":"wp","href":"https:\/\/api.w.org\/{rel}","templated":true}]}}